{"id":855,"date":"2018-12-06T10:54:47","date_gmt":"2018-12-06T09:54:47","guid":{"rendered":"https:\/\/vpd-mettmann.de\/?page_id=855"},"modified":"2024-05-29T11:47:55","modified_gmt":"2024-05-29T10:47:55","slug":"arbeitsgruppe-migration","status":"publish","type":"page","link":"https:\/\/vpd-mettmann.de\/?page_id=855","title":{"rendered":"Interkulturelle \u00d6ffnung"},"content":{"rendered":"<p><strong>Angebot<\/strong>:<\/p>\n<p style=\"text-align: left;\">Die Arbeitsgruppe &#8222;interkulturelle \u00d6ffnung&#8220;, bestehend aus Mitarbeitern und Mitarbeiterinnen aus den verschiedenen Bereichen des VPDs. Dabei handelt es sich um Besch\u00e4ftigte mit und ohne Migrationshintergrund. Ziel der Arbeitsgruppe ist es, den Prozess der interkulturellen \u00d6ffnung zu f\u00f6rdern, kontinuierlich fortzuf\u00fchren und regelm\u00e4\u00dfig zu reflektieren. Die wichtigste Aufgabe besteht darin, Zugangsbarrieren f\u00fcr Menschen mit Migrationshintergrund abzubauen, damit sie die gemeindepsychiatrischen Versorgungsangebote nutzen k\u00f6nnen.<\/p>\n<p>&nbsp;<\/p>\n<p style=\"text-align: left;\">Kinga Schmitz<br \/>\nTel.: +49 (0) 2173 \/ 1 29 25<\/p>\n<p style=\"text-align: left;\">Semah Sen<br \/>\nTel.: +49 (0) 2173 \/ 89 31 11 33<\/p>\n<p style=\"text-align: left;\"><a href=\"mailto:ag-interkulturelle-oeffnung@vpd-mettmann.de\">ag-interkulturelle-oeffnung@vpd-mettmann.de\u00a0<\/a><\/p>\n<p><strong>Wer kann mitmachen:<\/strong><\/p>\n<p style=\"text-align: left;\">Die Mitwirkenden der AG interkulturelle \u00d6ffnung verstehen sich als Multiplikatoren. Sie transportieren die Prinzipien der interkulturellen \u00d6ffnung jeweils in die unterschiedlichen Arbeitsbereiche des VPDs und stehen f\u00fcr die Kollegen und Kolleginnen als Ansprechpartner zur Verf\u00fcgung.<\/p>\n<p style=\"text-align: left;\"><strong>\u00d6ffnungszeiten:<\/strong><\/p>\n<p style=\"text-align: left;\">Suchen Sie Hilfe oder haben Sie Interesse an unserer Arbeit? Schreiben Sie uns eine email, wir melden uns.<\/p>\n<p style=\"text-align: left;\"><strong>Adresse:<\/strong><\/p>\n<p style=\"text-align: left;\">VPD Gesch\u00e4ftsstelle<br \/>\nHeinrichstr. 5<br \/>\n40764 Langenfeld<\/p>\n<p style=\"text-align: left;\"><strong>Das m\u00f6chten wir unbedingt mitteilen:<\/strong><\/p>\n<p style=\"text-align: left;\">Der VPD bietet Beratung und Betreuung in folgenden Sprachen an:<\/p>\n<ul style=\"text-align: left;\">\n<li>Deutsch<\/li>\n<li>T\u00fcrkisch<\/li>\n<li>Kurdisch<\/li>\n<li>Marokkanisch<\/li>\n<li>Russisch<\/li>\n<li>Polnisch<\/li>\n<li>Spanisch<\/li>\n<li>Italienisch<\/li>\n<li>Niederl\u00e4ndisch<\/li>\n<li>Chinesisch<\/li>\n<li>Suaheli<\/li>\n<\/ul>\n<p style=\"text-align: left;\"><strong>Das ist uns besonders wichtig:<\/strong><\/p>\n<p style=\"text-align: left;\">Um sprachliche und soziokulturelle Barrieren abzubauen, greift der VPD bei Bedarf auf qualifizierte Sprach- und Integrationsmittlern\/innen (SIM) zur\u00fcck.<\/p>\n<p style=\"text-align: left;\">Der Einsatz der SIM wird vom Landschaftsverband Rheinland (LVR) finanziert. \u00a0Das bedeutet, dass Sie sich an uns wenden k\u00f6nnen, auch wenn Ihre Muttersprache in der oben genannten Auflistung nicht genannt ist. N\u00e4here Informationen entnehmen Sie bitte dem Flyer des LVR: <a href=\"https:\/\/vpd-mettmann.de\/wp-content\/uploads\/2019\/01\/Flyer-SIM.pdf\">Flyer SIM<\/a><\/p>\n<p><strong>Flyer:<\/strong><\/p>\n<p style=\"text-align: left;\"><a href=\"https:\/\/vpd-mettmann.de\/wp-content\/uploads\/2019\/12\/BeWo-russisch-neu-20190920.pdf\">Ambulant Betreutes Wohnen, russisch<\/a><br \/>\n<a href=\"https:\/\/vpd-mettmann.de\/wp-content\/uploads\/2019\/11\/bewo-tu\u0308rkisch_-20190724.pdf\">Ambulant Betreutes Wohnen, t\u00fcrkisch<\/a><\/p>\n<p style=\"text-align: left;\"><strong>Wer ist der Kooperationspartner?<\/strong><\/p>\n<p style=\"text-align: left;\">Dar\u00fcber hinaus pflegt die Arbeitsgruppe interkulturelle \u00d6ffnung eine enge Zusammenarbeit mit dem Sozialpsychiatrischen Kompetenzzentrum Migration (SpKoM), zur Verbesserung der psychiatrischen Hilfsangebote f\u00fcr Menschen mit Migrationshintergrund. F\u00fcr weitere Informationen: <a href=\"http:\/\/www.ptv-solingen.de\/spkom\/\" target=\"_blank\" rel=\"noopener noreferrer\">http:\/\/www.ptv-solingen.de\/spkom\/<\/a><\/p>\n<p style=\"text-align: left;\"><strong>\u00a0<\/strong><strong>Wir unterliegen der Schweigepflicht!<\/strong><\/p>\n<p>&nbsp;<\/p>\n","protected":false},"excerpt":{"rendered":"<p>Angebot: Die Arbeitsgruppe &#8222;interkulturelle \u00d6ffnung&#8220;, bestehend aus Mitarbeitern und Mitarbeiterinnen aus den verschiedenen Bereichen des VPDs. Dabei handelt es sich um Besch\u00e4ftigte mit und ohne Migrationshintergrund. Ziel der Arbeitsgruppe ist es, den Prozess der interkulturellen \u00d6ffnung zu f\u00f6rdern, kontinuierlich fortzuf\u00fchren und regelm\u00e4\u00dfig zu reflektieren. Die wichtigste Aufgabe besteht darin, Zugangsbarrieren f\u00fcr Menschen mit Migrationshintergrund abzubauen, damit sie die gemeindepsychiatrischen Versorgungsangebote nutzen k\u00f6nnen. &nbsp; Kinga Schmitz Tel.: +49 (0) 2173 \/ 1 29 25 Semah Sen Tel.: +49 (0) 2173 \/&#8230;<\/p>\n<p class=\"read-more\"><a class=\"btn btn-default\" href=\"https:\/\/vpd-mettmann.de\/?page_id=855\">Weiterlesen<span class=\"screen-reader-text\"> Weiterlesen<\/span><\/a><\/p>\n","protected":false},"author":4,"featured_media":0,"parent":218,"menu_order":0,"comment_status":"closed","ping_status":"closed","template":"","meta":{"footnotes":""},"class_list":["post-855","page","type-page","status-publish","hentry"],"_links":{"self":[{"href":"https:\/\/vpd-mettmann.de\/index.php?rest_route=\/wp\/v2\/pages\/855","targetHints":{"allow":["GET"]}}],"collection":[{"href":"https:\/\/vpd-mettmann.de\/index.php?rest_route=\/wp\/v2\/pages"}],"about":[{"href":"https:\/\/vpd-mettmann.de\/index.php?rest_route=\/wp\/v2\/types\/page"}],"author":[{"embeddable":true,"href":"https:\/\/vpd-mettmann.de\/index.php?rest_route=\/wp\/v2\/users\/4"}],"replies":[{"embeddable":true,"href":"https:\/\/vpd-mettmann.de\/index.php?rest_route=%2Fwp%2Fv2%2Fcomments&post=855"}],"version-history":[{"count":52,"href":"https:\/\/vpd-mettmann.de\/index.php?rest_route=\/wp\/v2\/pages\/855\/revisions"}],"predecessor-version":[{"id":3873,"href":"https:\/\/vpd-mettmann.de\/index.php?rest_route=\/wp\/v2\/pages\/855\/revisions\/3873"}],"up":[{"embeddable":true,"href":"https:\/\/vpd-mettmann.de\/index.php?rest_route=\/wp\/v2\/pages\/218"}],"wp:attachment":[{"href":"https:\/\/vpd-mettmann.de\/index.php?rest_route=%2Fwp%2Fv2%2Fmedia&parent=855"}],"curies":[{"name":"wp","href":"https:\/\/api.w.org\/{rel}","templated":true}]}}

Interkulturelle Öffnung

<p><strong>Angebot</strong>:</p>
<p style="text-align: left;">Die Arbeitsgruppe &#8222;interkulturelle Öffnung&#8220;, bestehend aus Mitarbeitern und Mitarbeiterinnen aus den verschiedenen Bereichen des VPDs. Dabei handelt es sich um Beschäftigte mit und ohne Migrationshintergrund. Ziel der Arbeitsgruppe ist es, den Prozess der interkulturellen Öffnung zu fördern, kontinuierlich fortzuführen und regelmäßig zu reflektieren. Die wichtigste Aufgabe besteht darin, Zugangsbarrieren für Menschen mit Migrationshintergrund abzubauen, damit sie die gemeindepsychiatrischen Versorgungsangebote nutzen können.</p>
<p>&nbsp;</p>
<p style="text-align: left;">Kinga Schmitz<br />
Tel.: +49 (0) 2173 / 1 29 25</p>
<p style="text-align: left;">Semah Sen<br />
Tel.: +49 (0) 2173 / 89 31 11 33</p>
<p style="text-align: left;"><a href="mailto:ag-interkulturelle-oeffnung@vpd-mettmann.de">ag-interkulturelle-oeffnung@vpd-mettmann.de </a></p>
<p><strong>Wer kann mitmachen:</strong></p>
<p style="text-align: left;">Die Mitwirkenden der AG interkulturelle Öffnung verstehen sich als Multiplikatoren. Sie transportieren die Prinzipien der interkulturellen Öffnung jeweils in die unterschiedlichen Arbeitsbereiche des VPDs und stehen für die Kollegen und Kolleginnen als Ansprechpartner zur Verfügung.</p>
<p style="text-align: left;"><strong>Öffnungszeiten:</strong></p>
<p style="text-align: left;">Suchen Sie Hilfe oder haben Sie Interesse an unserer Arbeit? Schreiben Sie uns eine email, wir melden uns.</p>
<p style="text-align: left;"><strong>Adresse:</strong></p>
<p style="text-align: left;">VPD Geschäftsstelle<br />
Heinrichstr. 5<br />
40764 Langenfeld</p>
<p style="text-align: left;"><strong>Das möchten wir unbedingt mitteilen:</strong></p>
<p style="text-align: left;">Der VPD bietet Beratung und Betreuung in folgenden Sprachen an:</p>
<ul style="text-align: left;">
<li>Deutsch</li>
<li>Türkisch</li>
<li>Kurdisch</li>
<li>Marokkanisch</li>
<li>Russisch</li>
<li>Polnisch</li>
<li>Spanisch</li>
<li>Italienisch</li>
<li>Niederländisch</li>
<li>Chinesisch</li>
<li>Suaheli</li>
</ul>
<p style="text-align: left;"><strong>Das ist uns besonders wichtig:</strong></p>
<p style="text-align: left;">Um sprachliche und soziokulturelle Barrieren abzubauen, greift der VPD bei Bedarf auf qualifizierte Sprach- und Integrationsmittlern/innen (SIM) zurück.</p>
<p style="text-align: left;">Der Einsatz der SIM wird vom Landschaftsverband Rheinland (LVR) finanziert.  Das bedeutet, dass Sie sich an uns wenden können, auch wenn Ihre Muttersprache in der oben genannten Auflistung nicht genannt ist. Nähere Informationen entnehmen Sie bitte dem Flyer des LVR: <a href="https://vpd-mettmann.de/wp-content/uploads/2019/01/Flyer-SIM.pdf">Flyer SIM</a></p>
<p><strong>Flyer:</strong></p>
<p style="text-align: left;"><a href="https://vpd-mettmann.de/wp-content/uploads/2019/12/BeWo-russisch-neu-20190920.pdf">Ambulant Betreutes Wohnen, russisch</a><br />
<a href="https://vpd-mettmann.de/wp-content/uploads/2019/11/bewo-türkisch_-20190724.pdf">Ambulant Betreutes Wohnen, türkisch</a></p>
<p style="text-align: left;"><strong>Wer ist der Kooperationspartner?</strong></p>
<p style="text-align: left;">Darüber hinaus pflegt die Arbeitsgruppe interkulturelle Öffnung eine enge Zusammenarbeit mit dem Sozialpsychiatrischen Kompetenzzentrum Migration (SpKoM), zur Verbesserung der psychiatrischen Hilfsangebote für Menschen mit Migrationshintergrund. Für weitere Informationen: <a href="http://www.ptv-solingen.de/spkom/" target="_blank" rel="noopener noreferrer">http://www.ptv-solingen.de/spkom/</a></p>
<p style="text-align: left;"><strong> </strong><strong>Wir unterliegen der Schweigepflicht!</strong></p>
<p>&nbsp;</p>

<p>Angebot: Die Arbeitsgruppe &#8222;interkulturelle Öffnung&#8220;, bestehend aus Mitarbeitern und Mitarbeiterinnen aus den verschiedenen Bereichen des VPDs. Dabei handelt es sich um Beschäftigte mit und ohne Migrationshintergrund. Ziel der Arbeitsgruppe ist es, den Prozess der interkulturellen Öffnung zu fördern, kontinuierlich fortzuführen und regelmäßig zu reflektieren. Die wichtigste Aufgabe besteht darin, Zugangsbarrieren für Menschen mit Migrationshintergrund abzubauen, damit sie die gemeindepsychiatrischen Versorgungsangebote nutzen können. &nbsp; Kinga Schmitz Tel.: +49 (0) 2173 / 1 29 25 Semah Sen Tel.: +49 (0) 2173 /&#8230;</p>
<p class="read-more"><a class="btn btn-default" href="https://vpd-mettmann.de/?page_id=855">Weiterlesen<span class="screen-reader-text"> Weiterlesen</span></a></p>
