{"id":645,"date":"2018-08-30T08:08:25","date_gmt":"2018-08-30T08:08:25","guid":{"rendered":"https:\/\/vpd-mettmann.de\/?page_id=645"},"modified":"2025-11-04T13:42:43","modified_gmt":"2025-11-04T12:42:43","slug":"ambulante-assistenzleistungen","status":"publish","type":"page","link":"https:\/\/vpd-mettmann.de\/?page_id=645","title":{"rendered":"ambulant betreutes Wohnen"},"content":{"rendered":"<p style=\"text-align: left;\"><strong>Angebot<\/strong>:<\/p>\n<p style=\"text-align: left;\">Wir beraten und unterst\u00fctzen Sie in Ihrer Wohnung,\u00a0 ein Umzug ist nicht erforderlich. Wenn Sie umziehen m\u00f6chten oder m\u00fcssen, unterst\u00fctzen wir Sie bei der Suche nach Wohnraum. Wir bieten Ihnen Hilfen in den Lebensbereichen, die Sie alleine noch nicht gut bew\u00e4ltigen k\u00f6nnen und orientieren uns an Ihren W\u00fcnschen und Zielen. Das kann famili\u00e4re Probleme betreffen, die Gestaltung Ihres Tages, eine sinnvolle Besch\u00e4ftigung oder Arbeit, den Umgang mit Beh\u00f6rden und Schriftverkehr, die Haushaltsf\u00fchrung oder die Teilnahme an kulturellen Angeboten oder Selbsthilfegruppen. In Krisensituationen gestalten wir unsere Hilfen im Rahmen, der mit Ihnen geschlossenen Krisenvereinbarung.<\/p>\n<p><strong>Wer kann mitmachen:<\/strong><\/p>\n<p style=\"text-align: left;\">F\u00fcr Menschen mit einer psychischen Erkrankung, die in einer Lebenssituation \u00a0Hilfe und Unterst\u00fctzung ben\u00f6tigen.<\/p>\n<p style=\"text-align: left;\">Voraussetzung ist ein fach\u00e4rztliches Attest, das den Bedarf feststellt.<\/p>\n<p><strong>\u00d6ffnungszeiten:<\/strong><\/p>\n<p style=\"text-align: left;\">Termine werden individuell vereinbart.<\/p>\n<p><strong>Adresse:<\/strong><\/p>\n<p>Im Schaufsfeld 13<br \/>\n40764 Langenfeld\u00a0\u00a0\u00a0\u00a0\u00a0\u00a0\u00a0\u00a0 oder<\/p>\n<p>D\u00fcsseldorfer Str. 14<br \/>\n40764 Langenfeld\u00a0\u00a0\u00a0\u00a0\u00a0\u00a0\u00a0 oder<\/p>\n<p>Clarenbachweg 2<br \/>\n40724 Hilden\u00a0 \u00a0 \u00a0 \u00a0 \u00a0 \u00a0 \u00a0 \u00a0 oder<\/p>\n<p>Alte Schulstra\u00dfe 13<br \/>\n40789 Monheim<\/p>\n<p style=\"text-align: left;\"><strong>Das m\u00f6chten wir unbedingt mitteilen:<\/strong><\/p>\n<p style=\"text-align: left;\">Unsere Mitarbeiter und Mitarbeiterinnen sind fachlich qualifizierte Kr\u00e4fte, die Sie unterst\u00fctzen,\u00a0 ein selbstbestimmtes Leben zu f\u00fchren. Bei Bedarf k\u00f6nnen wir uns in vielen Sprachen verst\u00e4ndigen.<\/p>\n<p style=\"text-align: left;\">Selbstverst\u00e4ndlich gibt es Vertretungsregelungen im Urlaubs- oder Krankheitsfall.<\/p>\n<p><strong>Das ist uns besonders wichtig:<\/strong><\/p>\n<p style=\"text-align: left;\">Das Angebot ist freiwillig. Ziele, die Sie verfolgen m\u00f6chten, erarbeiten wir\u00a0 gemeinsam mit Ihnen.<\/p>\n<p style=\"text-align: left;\">Wir unterst\u00fctzen Ihre F\u00e4higkeiten und bieten Hilfen da, wo Sie sie ben\u00f6tigen. Hilfe, zur Selbsthilfe ist uns wichtig.<\/p>\n<p style=\"text-align: left;\">Alle Gespr\u00e4che unterliegen selbstverst\u00e4ndlich der Schweigepflicht.<\/p>\n<p style=\"text-align: left;\"><strong>Wer ist der Kooperationspartner?<\/strong><\/p>\n<p style=\"text-align: left;\">Landschaftsverband Rheinland (LVR) und\u00a0 auch Jugend\u00e4mter \u00fcbernehmen nach einer Pr\u00fcfung in der Regel die Kosten.<\/p>\n<p style=\"text-align: left;\"><strong>Besondere Hinweise:<\/strong><\/p>\n<p style=\"text-align: left;\">Der Einstieg in die Hilfe erfolgt auch \u00a0\u00fcber eine ausf\u00fchrliche Erstberatung.<\/p>\n<p style=\"text-align: left;\"><a href=\"mailto:erstkontakt@vpd-mettmann.de\">erstkontakt@vpd-mettmann.de<\/a> oder Telefon Nummer: 0 21 73 &#8211; 89 31 10 03<\/p>\n<p style=\"text-align: left;\"><strong>Ansprechpersonen:<\/strong><\/p>\n<p>Dyrk Engelhardt<br \/>\n<img loading=\"lazy\" decoding=\"async\" class=\"alignnone wp-image-1518 size-full\" src=\"https:\/\/vpd-mettmann.de\/wp-content\/uploads\/2019\/02\/engelhardt.jpg\" alt=\"Engelhardt\" width=\"150\" height=\"150\" \/><br \/>\n<a href=\"mailto:dyrk.engelhardt@vpd-mettmann.de\">dyrk.engelhardt@vpd-mettmann.de<\/a><br \/>\nTel.: +49 (0) 17 8 \/ 9 27 93 01<\/p>\n<p>Franziska Geukes<br \/>\n<img loading=\"lazy\" decoding=\"async\" class=\"alignnone wp-image-2498 size-thumbnail\" src=\"https:\/\/vpd-mettmann.de\/wp-content\/uploads\/2020\/10\/geukesf-150x150.jpg\" alt=\"\" width=\"150\" height=\"150\" \/><br \/>\n<a href=\"mailto:franziska.geukes@vpd-mettmann.de\">franziska.geukes@vpd-mettmann.de<\/a><br \/>\nTel.: +49 (0) 17 8 \/ 9 27 93 20<\/p>\n<p>Steffen Mausbach<\/p>\n<p><img loading=\"lazy\" decoding=\"async\" class=\"wp-image-3802 size-thumbnail\" src=\"https:\/\/vpd-mettmann.de\/wp-content\/uploads\/2024\/03\/Mausbach-150x150.jpg\" alt=\"Steffen Mausbach\" width=\"150\" height=\"150\" \/><\/p>\n<p><a href=\"mailto:steffen.mausbach@vpd-mettmann.de\">steffen.mausbach@vpd-mettmann.de<\/a><br \/>\nTel.: +49 (0) 15 73 \/ 2 47 23 55<\/p>\n<p style=\"text-align: left;\"><strong>Wir unterliegen der Schweigepflicht!<\/strong><\/p>\n<p style=\"text-align: left;\"><strong>Flyer:<br \/>\n<\/strong><a href=\"https:\/\/vpd-mettmann.de\/wp-content\/uploads\/2025\/01\/Bewo-Seelisch.pdf\">Ambulant Betreutes Wohnen, seelisch<\/a><\/p>\n<p style=\"text-align: left;\"><a href=\"https:\/\/vpd-mettmann.de\/wp-content\/uploads\/2019\/11\/bewo-tu\u0308rkisch_-20190724.pdf\">Ambulant Betreutes Wohnen (t\u00fcrkisch)<\/a><br \/>\n<a href=\"https:\/\/vpd-mettmann.de\/wp-content\/uploads\/2019\/12\/BeWo-russisch-neu-20190920.pdf\">Ambulant Betreutes Wohnen (russisch)<\/a><\/p>\n<p>&nbsp;<\/p>\n","protected":false},"excerpt":{"rendered":"<p>Angebot: Wir beraten und unterst\u00fctzen Sie in Ihrer Wohnung,\u00a0 ein Umzug ist nicht erforderlich. Wenn Sie umziehen m\u00f6chten oder m\u00fcssen, unterst\u00fctzen wir Sie bei der Suche nach Wohnraum. Wir bieten Ihnen Hilfen in den Lebensbereichen, die Sie alleine noch nicht gut bew\u00e4ltigen k\u00f6nnen und orientieren uns an Ihren W\u00fcnschen und Zielen. Das kann famili\u00e4re Probleme betreffen, die Gestaltung Ihres Tages, eine sinnvolle Besch\u00e4ftigung oder Arbeit, den Umgang mit Beh\u00f6rden und Schriftverkehr, die Haushaltsf\u00fchrung oder die Teilnahme an kulturellen Angeboten oder&#8230;<\/p>\n<p class=\"read-more\"><a class=\"btn btn-default\" href=\"https:\/\/vpd-mettmann.de\/?page_id=645\">Weiterlesen<span class=\"screen-reader-text\"> Weiterlesen<\/span><\/a><\/p>\n","protected":false},"author":4,"featured_media":0,"parent":211,"menu_order":0,"comment_status":"closed","ping_status":"closed","template":"","meta":{"footnotes":""},"class_list":["post-645","page","type-page","status-publish","hentry"],"_links":{"self":[{"href":"https:\/\/vpd-mettmann.de\/index.php?rest_route=\/wp\/v2\/pages\/645","targetHints":{"allow":["GET"]}}],"collection":[{"href":"https:\/\/vpd-mettmann.de\/index.php?rest_route=\/wp\/v2\/pages"}],"about":[{"href":"https:\/\/vpd-mettmann.de\/index.php?rest_route=\/wp\/v2\/types\/page"}],"author":[{"embeddable":true,"href":"https:\/\/vpd-mettmann.de\/index.php?rest_route=\/wp\/v2\/users\/4"}],"replies":[{"embeddable":true,"href":"https:\/\/vpd-mettmann.de\/index.php?rest_route=%2Fwp%2Fv2%2Fcomments&post=645"}],"version-history":[{"count":71,"href":"https:\/\/vpd-mettmann.de\/index.php?rest_route=\/wp\/v2\/pages\/645\/revisions"}],"predecessor-version":[{"id":4281,"href":"https:\/\/vpd-mettmann.de\/index.php?rest_route=\/wp\/v2\/pages\/645\/revisions\/4281"}],"up":[{"embeddable":true,"href":"https:\/\/vpd-mettmann.de\/index.php?rest_route=\/wp\/v2\/pages\/211"}],"wp:attachment":[{"href":"https:\/\/vpd-mettmann.de\/index.php?rest_route=%2Fwp%2Fv2%2Fmedia&parent=645"}],"curies":[{"name":"wp","href":"https:\/\/api.w.org\/{rel}","templated":true}]}}