{"id":3503,"date":"2023-04-17T10:34:23","date_gmt":"2023-04-17T09:34:23","guid":{"rendered":"https:\/\/vpd-mettmann.de\/?page_id=3503"},"modified":"2026-03-19T10:26:10","modified_gmt":"2026-03-19T09:26:10","slug":"hauswirtschaftlichen-dienstleistungen-betreuungsdienst","status":"publish","type":"page","link":"https:\/\/vpd-mettmann.de\/?page_id=3503","title":{"rendered":"Pflegeberatung"},"content":{"rendered":"<p style=\"text-align: left;\"><strong>Angebot:<\/strong><\/p>\n<p style=\"text-align: left;\">Wir bieten Pflegeberatung nach \u00a737.3 SGB XI an.<\/p>\n<p><strong>Wer kann mitmachen:<\/strong><\/p>\n<p style=\"text-align: left;\">Klienten und Klientinnen, bei denen ein Pflegegrad vorliegt, unabh\u00e4ngig davon, ob sich der Lebenshintergrund durch eine k\u00f6rperliche oder eine psychische Erkrankung ver\u00e4ndert hat.<\/p>\n<p><strong>\u00d6ffnungszeiten:<\/strong><\/p>\n<p style=\"text-align: left;\">B\u00fcrozeiten \/ Verwaltung:<br \/>\nMo-Fr: 08.00 Uhr &#8211; 12.00 Uhr<\/p>\n<p><strong>Adresse:<\/strong><\/p>\n<p>Hitdorfer Str. 10, 40764 Langenfeld<\/p>\n<p style=\"text-align: left;\"><strong>Das m\u00f6chten wir unbedingt mitteilen?<\/strong><\/p>\n<p style=\"text-align: left;\">Wir bieten Pflegeberatung nach \u00a7 37.3 an (die Inanspruchnahme ist regelm\u00e4\u00dfig gegen\u00fcber der Pflegekasse nachzuweisen)<\/p>\n<p style=\"text-align: left;\"><strong>Das ist uns besonders wichtig:<\/strong><\/p>\n<p style=\"text-align: left;\">Wir wollen eine respektvolle Versorgung gew\u00e4hrleisten, wobei der Wunsch des Betroffenen im Vordergrund steht. Es geht uns darum, den Menschen in seiner Ganzheit zu betrachten. Neben der Sicherstellung der Versorgung achten wir darauf, vorhandene Ressourcen mit einzubeziehen, um eine maximale Selbstst\u00e4ndigkeit zu erhalten.<\/p>\n<p style=\"text-align: left;\"><strong>Wer ist der Kooperationspartner:<\/strong><\/p>\n<p style=\"text-align: left;\">Innerhalb des VPD kann bei Bedarf zwecks Unterst\u00fctzung zeitnah in weitere Bereiche vermittelt werden.<\/p>\n<p style=\"text-align: left;\"><strong>Ansprechpersonen:<\/strong><\/p>\n<p>Silvia Ehlert-Grimmelt, Verwaltung und Koordination<\/p>\n<p><img decoding=\"async\" src=\"https:\/\/vpd-mettmann.de\/wp-content\/uploads\/2018\/12\/Ehlert.jpg\" alt=\"Ehlert\" \/><\/p>\n<p><a href=\"mailto:leitung-sozialstation@vpd-mettmann.de\">leitung-sozialstation@vpd-mettmann.de<\/a><br \/>\nTel.: +49 (0) 21 73 \/ 89 31 11 99<\/p>\n<p>&nbsp;<\/p>\n<p>Anne Sichtig, Pflegedienstleitung<\/p>\n<p><img loading=\"lazy\" decoding=\"async\" class=\"wp-image-3814 size-thumbnail\" src=\"https:\/\/vpd-mettmann.de\/wp-content\/uploads\/2024\/03\/Foto-Anne-scaled-e1710239335820-150x150.jpg\" alt=\"\" width=\"150\" height=\"150\" \/><\/p>\n<p style=\"text-align: left;\"><a href=\"mailto:leitung-sozialstation@vpd-mettmann.de\">leitung-sozialstation@vpd-mettmann.de<\/a><br \/>\nTel: +49 (0) 21 73 \/ 89 31 11 99<\/p>\n<p><a href=\"https:\/\/vpd-mettmann.de\/wp-content\/uploads\/2025\/04\/Haushaltsnahe-Dienstleistungen-202504.pdf\">Flyer<\/a><\/p>\n<p>&nbsp;<\/p>\n<p style=\"text-align: left;\"><strong>Wir unterliegen der Schweigepflicht!<\/strong><\/p>\n<p>&nbsp;<\/p>\n<p style=\"text-align: left;\">\n","protected":false},"excerpt":{"rendered":"<p>Angebot: Wir bieten Pflegeberatung nach \u00a737.3 SGB XI an. Wer kann mitmachen: Klienten und Klientinnen, bei denen ein Pflegegrad vorliegt, unabh\u00e4ngig davon, ob sich der Lebenshintergrund durch eine k\u00f6rperliche oder eine psychische Erkrankung ver\u00e4ndert hat. \u00d6ffnungszeiten: B\u00fcrozeiten \/ Verwaltung: Mo-Fr: 08.00 Uhr &#8211; 12.00 Uhr Adresse: Hitdorfer Str. 10, 40764 Langenfeld Das m\u00f6chten wir unbedingt mitteilen? Wir bieten Pflegeberatung nach \u00a7 37.3 an (die Inanspruchnahme ist regelm\u00e4\u00dfig gegen\u00fcber der Pflegekasse nachzuweisen) Das ist uns besonders wichtig: Wir wollen eine respektvolle&#8230;<\/p>\n<p class=\"read-more\"><a class=\"btn btn-default\" href=\"https:\/\/vpd-mettmann.de\/?page_id=3503\">Weiterlesen<span class=\"screen-reader-text\"> Weiterlesen<\/span><\/a><\/p>\n","protected":false},"author":4,"featured_media":0,"parent":0,"menu_order":0,"comment_status":"closed","ping_status":"closed","template":"","meta":{"footnotes":""},"class_list":["post-3503","page","type-page","status-publish","hentry"],"_links":{"self":[{"href":"https:\/\/vpd-mettmann.de\/index.php?rest_route=\/wp\/v2\/pages\/3503","targetHints":{"allow":["GET"]}}],"collection":[{"href":"https:\/\/vpd-mettmann.de\/index.php?rest_route=\/wp\/v2\/pages"}],"about":[{"href":"https:\/\/vpd-mettmann.de\/index.php?rest_route=\/wp\/v2\/types\/page"}],"author":[{"embeddable":true,"href":"https:\/\/vpd-mettmann.de\/index.php?rest_route=\/wp\/v2\/users\/4"}],"replies":[{"embeddable":true,"href":"https:\/\/vpd-mettmann.de\/index.php?rest_route=%2Fwp%2Fv2%2Fcomments&post=3503"}],"version-history":[{"count":26,"href":"https:\/\/vpd-mettmann.de\/index.php?rest_route=\/wp\/v2\/pages\/3503\/revisions"}],"predecessor-version":[{"id":4366,"href":"https:\/\/vpd-mettmann.de\/index.php?rest_route=\/wp\/v2\/pages\/3503\/revisions\/4366"}],"wp:attachment":[{"href":"https:\/\/vpd-mettmann.de\/index.php?rest_route=%2Fwp%2Fv2%2Fmedia&parent=3503"}],"curies":[{"name":"wp","href":"https:\/\/api.w.org\/{rel}","templated":true}]}}