{"id":310,"date":"2018-04-18T08:05:02","date_gmt":"2018-04-18T08:05:02","guid":{"rendered":"https:\/\/vpd-mettmann.de\/?page_id=310"},"modified":"2024-07-12T10:24:57","modified_gmt":"2024-07-12T09:24:57","slug":"it-rechenzentrum","status":"publish","type":"page","link":"https:\/\/vpd-mettmann.de\/?page_id=310","title":{"rendered":"IT \/ Rechenzentrum"},"content":{"rendered":"<p style=\"text-align: left;\"><strong>A<\/strong><strong>ngebot<\/strong>:<\/p>\n<ul>\n<li style=\"text-align: left;\">Betrieb des Rechenzentrums<\/li>\n<li style=\"text-align: left;\">Betrieb der Telefonie<\/li>\n<li style=\"text-align: left;\">Support von Computern und Druckern<\/li>\n<li style=\"text-align: left;\">Support von Programmen<\/li>\n<li style=\"text-align: left;\">Unterst\u00fctzung der Kolleg*innen bei technischen Problemen<\/li>\n<\/ul>\n<p><strong>Wer kann mitmachen:<\/strong><\/p>\n<p style=\"text-align: left;\">Alle Kolleg*innen k\u00f6nnen sich bei technischen Problemen und in Fragen von Neuanschaffungen (Computer, Smartphones, Drucker, Programme usw.) zu den o.g. B\u00fcrozeiten telefonisch an die IT wenden:<\/p>\n<p>Telefon:\u00a0 0 21 73 \/ 89 31 &#8211; 10 01<\/p>\n<p style=\"text-align: left;\">Per E-Mail sind wir ebenfalls erreichbar. E-Mail-Anfragen bearbeiten wir schnellstm\u00f6glich:<\/p>\n<p><a href=\"mailto:it@vpd-mettmann.de\">it@vpd-mettmann.de<\/a><\/p>\n<p><strong>\u00d6ffnungszeiten:<\/strong><\/p>\n<p>Mo-Fr: 9.00 Uhr &#8211; 17.00 Uhr<\/p>\n<p><strong>Adresse:<\/strong><\/p>\n<p style=\"text-align: left;\">Hans-B\u00f6ckler-Str. 18 a, 40764 Langenfeld (im selben Geb\u00e4ude wie das VPD-Qualifizierungscenter)<\/p>\n<p><strong>Das m\u00f6chten wir unbedingt mitteilen:<\/strong><\/p>\n<p style=\"text-align: left;\"><a href=\"https:\/\/vpd-mettmann.de\/wp-content\/uploads\/2018\/12\/VPD_2018_10-749.jpg\"><img loading=\"lazy\" decoding=\"async\" class=\"size-thumbnail wp-image-1117 alignleft\" src=\"https:\/\/vpd-mettmann.de\/wp-content\/uploads\/2018\/12\/VPD_2018_10-749-1.jpg\" alt=\"IT\" width=\"150\" height=\"100\" \/><\/a>Die IT-Abteilung des VPD ist ein interner Dienstleister f\u00fcr alle Kolleg*innen bei VPD und Tipi. Wir betreiben das Rechenzentrum des VPD, an das alle Computer im VPD angeschlossen sind. Zus\u00e4tzlich betreuen wir auch die Telefoninfrastruktur, die Drucker und das mobile Arbeiten-Angebot. Zusammen mit unseren Kolleg*innen erarbeiten wir in Projekten ebenfalls die Einf\u00fchrung neuer Programme, IT-L\u00f6sungen und Ger\u00e4te im VPD.<\/p>\n<p><strong>Das ist uns besonders wichtig:<\/strong><\/p>\n<p style=\"text-align: left;\">Wir stehen unseren Kolleg*innen gern mit Rat und Tat zur Seite. Bei Bedarf f\u00fchren wir PC-bezogene Schulungen durch. Wer hier also Bedarf sieht, kann sich in Absprache mit ihrem\/seinem Bereichsleiter gern an die IT wenden!<\/p>\n<p style=\"text-align: left;\"><strong>Ansprechpersonen:<\/strong><\/p>\n<p>Christoph Verholt<br \/>\n<img loading=\"lazy\" decoding=\"async\" class=\"alignnone wp-image-894 size-full\" src=\"https:\/\/vpd-mettmann.de\/wp-content\/uploads\/2018\/12\/Verholt.jpg\" alt=\"Verholt\" width=\"150\" height=\"150\" \/><\/p>\n<p style=\"text-align: left;\">Martin Schwartz (Bereichsleitung)<br \/>\n<img loading=\"lazy\" decoding=\"async\" class=\"alignnone wp-image-892 size-full\" src=\"https:\/\/vpd-mettmann.de\/wp-content\/uploads\/2018\/12\/Schwartz.jpg\" alt=\"Schwartz\" width=\"150\" height=\"150\" \/><\/p>\n<p style=\"text-align: left;\">Christian Sonnenberg<br \/>\n<img loading=\"lazy\" decoding=\"async\" class=\"alignnone wp-image-895 size-full\" src=\"https:\/\/vpd-mettmann.de\/wp-content\/uploads\/2018\/12\/Sonnenberg.jpg\" alt=\"Sonnenberg\" width=\"150\" height=\"150\" \/><\/p>\n<p style=\"text-align: left;\"><a href=\"mailto:it@vpd-mettmann.de\">it@vpd-mettmann.de<\/a><br \/>\nTel.: +49 (0) 21 73 \/ 89 31 10 01<\/p>\n<p style=\"text-align: left;\"><strong>Wir unterliegen der Schweigepflicht!<\/strong><\/p>\n<p>&nbsp;<\/p>\n","protected":false},"excerpt":{"rendered":"<p>Angebot: Betrieb des Rechenzentrums Betrieb der Telefonie Support von Computern und Druckern Support von Programmen Unterst\u00fctzung der Kolleg*innen bei technischen Problemen Wer kann mitmachen: Alle Kolleg*innen k\u00f6nnen sich bei technischen Problemen und in Fragen von Neuanschaffungen (Computer, Smartphones, Drucker, Programme usw.) zu den o.g. B\u00fcrozeiten telefonisch an die IT wenden: Telefon:\u00a0 0 21 73 \/ 89 31 &#8211; 10 01 Per E-Mail sind wir ebenfalls erreichbar. E-Mail-Anfragen bearbeiten wir schnellstm\u00f6glich: it@vpd-mettmann.de \u00d6ffnungszeiten: Mo-Fr: 9.00 Uhr &#8211; 17.00 Uhr Adresse: Hans-B\u00f6ckler-Str&#8230;.<\/p>\n<p class=\"read-more\"><a class=\"btn btn-default\" href=\"https:\/\/vpd-mettmann.de\/?page_id=310\">Weiterlesen<span class=\"screen-reader-text\"> Weiterlesen<\/span><\/a><\/p>\n","protected":false},"author":4,"featured_media":0,"parent":196,"menu_order":0,"comment_status":"closed","ping_status":"closed","template":"","meta":{"footnotes":""},"class_list":["post-310","page","type-page","status-publish","hentry"],"_links":{"self":[{"href":"https:\/\/vpd-mettmann.de\/index.php?rest_route=\/wp\/v2\/pages\/310","targetHints":{"allow":["GET"]}}],"collection":[{"href":"https:\/\/vpd-mettmann.de\/index.php?rest_route=\/wp\/v2\/pages"}],"about":[{"href":"https:\/\/vpd-mettmann.de\/index.php?rest_route=\/wp\/v2\/types\/page"}],"author":[{"embeddable":true,"href":"https:\/\/vpd-mettmann.de\/index.php?rest_route=\/wp\/v2\/users\/4"}],"replies":[{"embeddable":true,"href":"https:\/\/vpd-mettmann.de\/index.php?rest_route=%2Fwp%2Fv2%2Fcomments&post=310"}],"version-history":[{"count":81,"href":"https:\/\/vpd-mettmann.de\/index.php?rest_route=\/wp\/v2\/pages\/310\/revisions"}],"predecessor-version":[{"id":3907,"href":"https:\/\/vpd-mettmann.de\/index.php?rest_route=\/wp\/v2\/pages\/310\/revisions\/3907"}],"up":[{"embeddable":true,"href":"https:\/\/vpd-mettmann.de\/index.php?rest_route=\/wp\/v2\/pages\/196"}],"wp:attachment":[{"href":"https:\/\/vpd-mettmann.de\/index.php?rest_route=%2Fwp%2Fv2%2Fmedia&parent=310"}],"curies":[{"name":"wp","href":"https:\/\/api.w.org\/{rel}","templated":true}]}}