{"id":3086,"date":"2022-02-07T13:06:02","date_gmt":"2022-02-07T12:06:02","guid":{"rendered":"https:\/\/vpd-mettmann.de\/?page_id=3086"},"modified":"2025-12-16T11:08:06","modified_gmt":"2025-12-16T10:08:06","slug":"beschwerdemanagement","status":"publish","type":"page","link":"https:\/\/vpd-mettmann.de\/?page_id=3086","title":{"rendered":"Beschwerdemanagement &#038; interne Meldestelle"},"content":{"rendered":"<p style=\"text-align: left;\">Die Verbesserung unserer eigenen Leistung ist f\u00fcr uns Pflicht und Notwendigkeit zugleich. Mithilfe eines strukturierten Beschwerdesystems achten wir auf gr\u00f6\u00dftm\u00f6gliche Offenheit im Umgang mit Beschwerden und der Zufriedenheit unserer Kund*innen.<\/p>\n<p><strong>Ziel und Zweck<\/strong><\/p>\n<p>Die gezielte F\u00f6rderung sowie eine strukturierte Erfassung, Bearbeitung und Auswertung von Kund*innenbeschwerden sind wichtige Instrumente zur kontinuierlichen Qualit\u00e4tsverbesserung unserer Dienstleistungen. Dar\u00fcber hinaus ist ein systematisches Vorgehen im Umgang mit Beschwerden im Sinne eines internen und externen Beschwerdemanagements eine verpflichtende Anforderung des Gesetzgebers (Kostentr\u00e4ger, Aufsichtsbeh\u00f6rden).<\/p>\n<p style=\"text-align: left;\">Im Zentrum eines gut funktionierenden Beschwerdewesens steht die Stimulierung zur Beschwerde, die durch alle Mitarbeiter*innen sowie der Gesch\u00e4ftsf\u00fchrung wahrgenommen wird.<\/p>\n<p><strong>F\u00fcr uns gilt<\/strong><\/p>\n<ul>\n<li>Beschwerden dienen als Chance zur Verbesserung unserer Qualit\u00e4t!<\/li>\n<li>Beschwerden dienen der Suche nach Verbesserungen \u2013 nicht nach Schuldigen!<\/li>\n<li>Beschwerden werden immer vertraulich behandelt!<\/li>\n<\/ul>\n<p><strong>Unsere Verhaltensregeln im Umgang mit Beschwerden sind<\/strong><\/p>\n<ul>\n<li>zugehend<\/li>\n<li>verbindlich<\/li>\n<li>undramatisch<\/li>\n<li>freundlich<\/li>\n<\/ul>\n<h1>Beschwerdewege im VPD<\/h1>\n<p style=\"text-align: left;\">Den verschiedenen Bereichen des VPD sind ehrenamtliche unabh\u00e4ngige Beschwerdevermittler*innen zugeordnet. Es sind B\u00fcrgerinnen und B\u00fcrger der Gemeinde oder der Region, die dem VPD aus Gr\u00fcnden des pers\u00f6nlichen Engagements und dem Ehrenamtsgedanken nahestehen.<\/p>\n<p style=\"text-align: left;\">Alle unsere Klienten*innen werden \u00fcber unser Beschwerdesystem informiert und werden ermutigt die M\u00f6glichkeiten zu nutzen, \u00fcber Unzufriedenheit zu sprechen oder Verbesserungen vorzuschlagen. Neben dem internen Beschwerdewesen stehen den Klienten*innen unterschiedliche externe Beschwerdem\u00f6glichkeiten zur Verf\u00fcgung, z. B. \u00fcber Kostentr\u00e4ger, Heimaufsicht oder den Beschwerderat der PSAG.<\/p>\n<p>E-Mail: <a href=\"mailto:beschwerdemanagement@vpd-mettmann.de\">beschwerdemanagement@vpd-mettmann.de<\/a><\/p>\n<p>&nbsp;<\/p>\n<h1>Hinweisgeberschutz &amp; interne Meldestelle<\/h1>\n<p>Die Einhaltung von Gesetzen und der effektive Schutz hinweisgebender Personen ist f\u00fcr die VPD gGmbH ein wichtiges Anliegen. Hinweisgebende Personen k\u00f6nnen wertvolle Beitr\u00e4ge dazu leisten, das Fehlverhalten von Personen aufzudecken und negative Folgen eines Fehlverhaltens einzud\u00e4mmen bzw. zu korrigieren. Personen, die im Zusammenhang mit ihrer beruflichen T\u00e4tigkeit oder im Vorfeld einer beruflichen T\u00e4tigkeit Informationen \u00fcber Verst\u00f6\u00dfe erlangt haben, k\u00f6nnen sich an unsere ausgelagerte interne Meldestelle wenden, um Verst\u00f6\u00dfe zu melden.<\/p>\n<p>Unter Verst\u00f6\u00dfen sind Handlungen oder Unterlassungen im Rahmen einer beruflichen, unternehmerischen oder dienstlichen T\u00e4tigkeit zu verstehen, die rechtswidrig sind und Vorschriften oder Rechtsgebiete betreffen, die in den sachlichen Anwendungsbereich des Hinweisgeberschutzgesetzes fallen. In den sachlichen Anwendungsbereich fallen insbesondere Verst\u00f6\u00dfe, die strafbewehrt sind (z.B. Diebstahl, Unterschlagung, K\u00f6rperverletzung) und Verst\u00f6\u00dfe, die bu\u00dfgeldbewehrt sind, soweit die verletzte Vorschrift dem Schutz von Leben, Leib oder Gesundheit oder dem Schutz der Rechte von Besch\u00e4ftigten dient.<\/p>\n<p>Informationen \u00fcber privates Fehlverhalten fallen nicht unter das Hinweisgeberschutzgesetz.<\/p>\n<p>Unsere VPD- interne Meldestelle ist an die Meldestelle Sozialwirtschaft ausgelagert und wird von dieser unter Wahrung des gesetzlichen Vertraulichkeitsgebots betrieben. Falls Sie konkrete Hinweise auf Verst\u00f6\u00dfe haben, k\u00f6nnen Sie Informationen unter Verwendung der nachfolgend bezeichneten Meldekan\u00e4le melden:<\/p>\n<p><strong>Kontakt Hinweisgebersystem Meldestelle Sozialwirtschaft<\/strong><\/p>\n<p>Meldestelle Sozialwirtschaft<br \/>\nZollstockg\u00fcrtel 59<br \/>\n50969 K\u00f6ln<br \/>\nE-Mail: <a href=\"mailto:vpd-mettmann@meldestelle-sozialwirtschaft.de\">vpd-mettmann@meldestelle-sozialwirtschaft.de<\/a><br \/>\nTelefon: +49 221 936 467 12<\/p>\n<p>Erreichbarkeit von montags bis donnerstags 09:00 \u2013 17:00 Uhr und freitags 09:00 \u2013 14:30 Uhr<\/p>\n<p>&nbsp;<\/p>\n","protected":false},"excerpt":{"rendered":"<p>Die Verbesserung unserer eigenen Leistung ist f\u00fcr uns Pflicht und Notwendigkeit zugleich. Mithilfe eines strukturierten Beschwerdesystems achten wir auf gr\u00f6\u00dftm\u00f6gliche Offenheit im Umgang mit Beschwerden und der Zufriedenheit unserer Kund*innen. Ziel und Zweck Die gezielte F\u00f6rderung sowie eine strukturierte Erfassung, Bearbeitung und Auswertung von Kund*innenbeschwerden sind wichtige Instrumente zur kontinuierlichen Qualit\u00e4tsverbesserung unserer Dienstleistungen. Dar\u00fcber hinaus ist ein systematisches Vorgehen im Umgang mit Beschwerden im Sinne eines internen und externen Beschwerdemanagements eine verpflichtende Anforderung des Gesetzgebers (Kostentr\u00e4ger, Aufsichtsbeh\u00f6rden). Im Zentrum eines&#8230;<\/p>\n<p class=\"read-more\"><a class=\"btn btn-default\" href=\"https:\/\/vpd-mettmann.de\/?page_id=3086\">Weiterlesen<span class=\"screen-reader-text\"> Weiterlesen<\/span><\/a><\/p>\n","protected":false},"author":4,"featured_media":0,"parent":0,"menu_order":0,"comment_status":"closed","ping_status":"closed","template":"","meta":{"footnotes":""},"class_list":["post-3086","page","type-page","status-publish","hentry"],"_links":{"self":[{"href":"https:\/\/vpd-mettmann.de\/index.php?rest_route=\/wp\/v2\/pages\/3086","targetHints":{"allow":["GET"]}}],"collection":[{"href":"https:\/\/vpd-mettmann.de\/index.php?rest_route=\/wp\/v2\/pages"}],"about":[{"href":"https:\/\/vpd-mettmann.de\/index.php?rest_route=\/wp\/v2\/types\/page"}],"author":[{"embeddable":true,"href":"https:\/\/vpd-mettmann.de\/index.php?rest_route=\/wp\/v2\/users\/4"}],"replies":[{"embeddable":true,"href":"https:\/\/vpd-mettmann.de\/index.php?rest_route=%2Fwp%2Fv2%2Fcomments&post=3086"}],"version-history":[{"count":9,"href":"https:\/\/vpd-mettmann.de\/index.php?rest_route=\/wp\/v2\/pages\/3086\/revisions"}],"predecessor-version":[{"id":4300,"href":"https:\/\/vpd-mettmann.de\/index.php?rest_route=\/wp\/v2\/pages\/3086\/revisions\/4300"}],"wp:attachment":[{"href":"https:\/\/vpd-mettmann.de\/index.php?rest_route=%2Fwp%2Fv2%2Fmedia&parent=3086"}],"curies":[{"name":"wp","href":"https:\/\/api.w.org\/{rel}","templated":true}]}}