{"id":2733,"date":"2021-03-08T13:09:03","date_gmt":"2021-03-08T12:09:03","guid":{"rendered":"https:\/\/vpd-mettmann.de\/?page_id=2733"},"modified":"2025-09-04T12:39:04","modified_gmt":"2025-09-04T11:39:04","slug":"soziotherapie","status":"publish","type":"page","link":"https:\/\/vpd-mettmann.de\/?page_id=2733","title":{"rendered":"Soziotherapie"},"content":{"rendered":"<p><strong>Angebot: <\/strong><\/p>\n<p style=\"text-align: left;\">Soziotherapie ist eine langfristig angelegte und auf maximal drei Jahre und 120 Stunden begrenzte, therapeutische Behandlungs- und Hilfeform f\u00fcr Menschen mit einer psychischen Erkrankung. Diese Therapieform ist f\u00fcr Menschen gedacht, die wegen schwerer psychischer Erkrankung nicht in der Lage sind, \u00e4rztliche oder \u00e4rztlich verordnete Leistungen selbstst\u00e4ndig in Anspruch zu nehmen.<\/p>\n<p style=\"text-align: left;\">Soziotherapie kann auch verordnet werden, wenn dadurch Krankenhausbehandlung vermieden oder verk\u00fcrzt wird oder wenn diese geboten, aber nicht durchf\u00fchrbar ist.<\/p>\n<p style=\"text-align: left;\">F\u00fcr die Soziotherapie besteht eine Zuzahlungspflicht, sofern Sie nicht von der Zuzahlung befreit sind.<\/p>\n<p><strong>Wer kann mitmachen:<\/strong><\/p>\n<p style=\"text-align: left;\">Soziotherapie eignet sich f\u00fcr Patient*innen, die besonders belastet sind von starken krankheitsbedingten Beeintr\u00e4chtigungen:<\/p>\n<ul>\n<li style=\"text-align: left;\">des eigenen Antriebs<\/li>\n<li style=\"text-align: left;\">der Ausdauer<\/li>\n<li style=\"text-align: left;\">der Motivation<\/li>\n<li style=\"text-align: left;\">des planerischen Denkens und Handelns<\/li>\n<li style=\"text-align: left;\">der Konfliktf\u00e4higkeit<\/li>\n<li style=\"text-align: left;\">der Konzentration<\/li>\n<li style=\"text-align: left;\">der kognitiven Leistungsf\u00e4higkeit.<\/li>\n<\/ul>\n<p style=\"text-align: left;\">Soziotherapie kann von niedergelassenen Fach\u00e4rzt*innen, Psychotherapeut*innen und Institutsambulanzen verordnet werden.<\/p>\n<p><strong>\u00d6ffnungszeiten:<\/strong><\/p>\n<p>Termine werden individuell vereinbart.<\/p>\n<p><strong>Adresse:<\/strong><\/p>\n<p>Hitdorfer Stra\u00dfe 10<br \/>\n40764 Langenfeld<\/p>\n<p><strong>Das m\u00f6chten wir unbedingt mitteilen:<\/strong><\/p>\n<p style=\"text-align: left;\">Was leisten wir konkret?<\/p>\n<ul>\n<li style=\"text-align: left;\">Wir erstellen mit Ihnen und Ihrer \u00c4rztin\/Ihrem Arzt oder Therapeut*in einen Behandlungsplan.<\/li>\n<li style=\"text-align: left;\">Wir beziehen auf Wunsch Familie und Freunde mit ein.<\/li>\n<li style=\"text-align: left;\">Wir koordinieren \u00e4rztlich verordnete Behandlungsma\u00dfnahmen.<\/li>\n<li style=\"text-align: left;\">Hausbesuche sind auf Wunsch m\u00f6glich.<\/li>\n<li style=\"text-align: left;\">Es besteht die M\u00f6glichkeit, an Gruppenangeboten teilzunehmen.<\/li>\n<li style=\"text-align: left;\">Wir besprechen mit Ihnen eine individuelle Krisenvorsorge und sind auch in Krisenzeiten f\u00fcr Sie da.<\/li>\n<li style=\"text-align: left;\">Wir m\u00f6chten durch Trainingsma\u00dfnahmen Ihre Selbstbef\u00e4higung steigern.<\/li>\n<li style=\"text-align: left;\">Dazu findet regelm\u00e4\u00dfig eine Abstimmung mit Ihnen und Ihrer \u00c4rztin\/Ihrem Arzt oder Therapeut*in statt.<\/li>\n<\/ul>\n<p>&nbsp;<\/p>\n<p><strong>Das ist uns besonders wichtig:<\/strong><\/p>\n<p style=\"text-align: left;\">Ob Soziotherapie f\u00fcr Sie in Frage kommt, kl\u00e4ren wir gerne mit Ihnen in einem pers\u00f6nlichen Beratungsgespr\u00e4ch.<\/p>\n<p style=\"text-align: left;\">Alle Gespr\u00e4che unterliegen selbstverst\u00e4ndlich der Schweigepflicht.<\/p>\n<p><strong>Ansprechpersonen:<\/strong><\/p>\n<p>Anne Sichtig, Pflegedienst- und Teamleitung<\/p>\n<p><img loading=\"lazy\" decoding=\"async\" class=\"wp-image-3814 size-thumbnail\" src=\"https:\/\/vpd-mettmann.de\/wp-content\/uploads\/2024\/03\/Foto-Anne-scaled-e1710239335820-150x150.jpg\" alt=\"\" width=\"150\" height=\"150\" \/><\/p>\n<p><a href=\"mailto:soziotherapie@vpd-mettmann.de\">soziotherapie@vpd-mettmann.de<\/a><br \/>\nTel.: +49 (0) 21 73 \/ 89 31 11 94<br \/>\n<strong>Wir unterliegen der Schweigepflicht!<\/strong><\/p>\n<p><strong>Flyer:<br \/>\n<\/strong><a href=\"https:\/\/vpd-mettmann.de\/wp-content\/uploads\/2025\/09\/Soziotherapie.pdf\">Soziotherapie<\/a><\/p>\n","protected":false},"excerpt":{"rendered":"<p>Angebot: Soziotherapie ist eine langfristig angelegte und auf maximal drei Jahre und 120 Stunden begrenzte, therapeutische Behandlungs- und Hilfeform f\u00fcr Menschen mit einer psychischen Erkrankung. Diese Therapieform ist f\u00fcr Menschen gedacht, die wegen schwerer psychischer Erkrankung nicht in der Lage sind, \u00e4rztliche oder \u00e4rztlich verordnete Leistungen selbstst\u00e4ndig in Anspruch zu nehmen. Soziotherapie kann auch verordnet werden, wenn dadurch Krankenhausbehandlung vermieden oder verk\u00fcrzt wird oder wenn diese geboten, aber nicht durchf\u00fchrbar ist. F\u00fcr die Soziotherapie besteht eine Zuzahlungspflicht, sofern Sie nicht&#8230;<\/p>\n<p class=\"read-more\"><a class=\"btn btn-default\" href=\"https:\/\/vpd-mettmann.de\/?page_id=2733\">Weiterlesen<span class=\"screen-reader-text\"> Weiterlesen<\/span><\/a><\/p>\n","protected":false},"author":4,"featured_media":0,"parent":211,"menu_order":0,"comment_status":"closed","ping_status":"closed","template":"","meta":{"footnotes":""},"class_list":["post-2733","page","type-page","status-publish","hentry"],"_links":{"self":[{"href":"https:\/\/vpd-mettmann.de\/index.php?rest_route=\/wp\/v2\/pages\/2733","targetHints":{"allow":["GET"]}}],"collection":[{"href":"https:\/\/vpd-mettmann.de\/index.php?rest_route=\/wp\/v2\/pages"}],"about":[{"href":"https:\/\/vpd-mettmann.de\/index.php?rest_route=\/wp\/v2\/types\/page"}],"author":[{"embeddable":true,"href":"https:\/\/vpd-mettmann.de\/index.php?rest_route=\/wp\/v2\/users\/4"}],"replies":[{"embeddable":true,"href":"https:\/\/vpd-mettmann.de\/index.php?rest_route=%2Fwp%2Fv2%2Fcomments&post=2733"}],"version-history":[{"count":42,"href":"https:\/\/vpd-mettmann.de\/index.php?rest_route=\/wp\/v2\/pages\/2733\/revisions"}],"predecessor-version":[{"id":4229,"href":"https:\/\/vpd-mettmann.de\/index.php?rest_route=\/wp\/v2\/pages\/2733\/revisions\/4229"}],"up":[{"embeddable":true,"href":"https:\/\/vpd-mettmann.de\/index.php?rest_route=\/wp\/v2\/pages\/211"}],"wp:attachment":[{"href":"https:\/\/vpd-mettmann.de\/index.php?rest_route=%2Fwp%2Fv2%2Fmedia&parent=2733"}],"curies":[{"name":"wp","href":"https:\/\/api.w.org\/{rel}","templated":true}]}}