{"id":2,"date":"2016-05-10T03:48:21","date_gmt":"2016-05-10T03:48:21","guid":{"rendered":"https:\/\/vpd-mettmann.de\/?page_id=2"},"modified":"2024-09-19T11:36:20","modified_gmt":"2024-09-19T10:36:20","slug":"sample-page","status":"publish","type":"page","link":"https:\/\/vpd-mettmann.de\/","title":{"rendered":"Herzlich willkommen beim Verbund f\u00fcr Psychosoziale Dienstleistungen, VPD!"},"content":{"rendered":"<p style=\"text-align: center;\"><span style=\"color: #ffcc00;\"><strong>\u201eSelbst\u00e4ndig, aber nicht auf sich alleine gestellt!\u201c<\/strong><\/span><\/p>\n<p style=\"text-align: center;\">Das ist unser Prinzip, nach dem wir Menschen in seelischen Krisen, mit einer psychischen Erkrankung oder einer Suchtproblematik sowie Angeh\u00f6rige von Betroffenen seit \u00fcber 40 Jahren mit einer gro\u00dfen Angebotsvielfalt beraten, unterst\u00fctzen und begleiten.<\/p>\n<p style=\"text-align: center;\"><span style=\"color: #ffcc00;\"><strong>ENGAGIERT \u2013 VERL\u00c4SSLICH \u2013 KOMPETENT<\/strong><\/span><\/p>\n<p style=\"text-align: center;\">Sie haben Fragen rund um das Thema psychische Gesundheit oder ben\u00f6tigen konkrete Unterst\u00fctzung?<\/p>\n<p style=\"text-align: center;\">Unsere erfahrenen Fach- und Peerberater*innen sind f\u00fcr Sie da!<\/p>\n<p style=\"text-align: center;\">Unser Erstberatungsteam erreichen Sie telefonisch oder per Email:<\/p>\n<p style=\"text-align: center;\"><span style=\"color: #ffcc00;\"><strong>+49 (0) 21 73 \/ 89 31 10 03<\/strong><\/span><\/p>\n<p style=\"text-align: center;\"><span style=\"color: #ffcc00;\"><strong>\u00a0<\/strong><a style=\"color: #ffcc00;\" href=\"mailto:beratung@vpd-mettmann.de\"><strong>beratung@vpd-mettmann.de<\/strong><\/a><\/span><\/p>\n<p style=\"text-align: center;\">Pers\u00f6nliche Beratungstermine k\u00f6nnen Sie auch direkt buchen:<\/p>\n<h1 style=\"text-align: center;\"><span style=\"color: #ffcc00;\"><a style=\"color: #ffcc00;\" href=\"http:\/\/vpd.assisto.online\"><em>jetzt\u00a0 ONLINE buchen<\/em><\/a><\/span><\/h1>\n<p style=\"text-align: center;\"><strong><span style=\"color: #ffcc00;\"><a style=\"color: #ffcc00;\" href=\"https:\/\/vpd-mettmann.de\/?page_id=3026\">Das Beratungsteam<\/a><\/span><\/strong><\/p>\n<p style=\"text-align: center;\">Oder Sie kommen einfach ohne Termin vorbei:<\/p>\n<p style=\"text-align: center;\"><u>Offene Sprechstunden<\/u><\/p>\n<p style=\"text-align: center;\"><strong>Dienstag 10:00 \u2013 11:00 Uhr<\/strong><\/p>\n<p style=\"text-align: center;\"><strong>Donnerstag 14:00 \u2013 15:00 Uhr<\/strong><\/p>\n<p style=\"text-align: center;\">Hitdorferstr.10, 40764 Langenfeld<\/p>\n<p style=\"text-align: center;\">Wir sind gemeinn\u00fctzig. Unsere Beratungsangebote sind kostenfrei.<\/p>\n<p style=\"text-align: center;\"><a href=\"https:\/\/vpd-mettmann.de\/wp-content\/uploads\/2023\/05\/Beratung.pdf\">Flyer<\/a><\/p>\n","protected":false},"excerpt":{"rendered":"<p>\u201eSelbst\u00e4ndig, aber nicht auf sich alleine gestellt!\u201c Das ist unser Prinzip, nach dem wir Menschen in seelischen Krisen, mit einer psychischen Erkrankung oder einer Suchtproblematik sowie Angeh\u00f6rige von Betroffenen seit \u00fcber 40 Jahren mit einer gro\u00dfen Angebotsvielfalt beraten, unterst\u00fctzen und begleiten. ENGAGIERT \u2013 VERL\u00c4SSLICH \u2013 KOMPETENT Sie haben Fragen rund um das Thema psychische Gesundheit oder ben\u00f6tigen konkrete Unterst\u00fctzung? Unsere erfahrenen Fach- und Peerberater*innen sind f\u00fcr Sie da! Unser Erstberatungsteam erreichen Sie telefonisch oder per Email: +49 (0) 21 73&#8230;<\/p>\n<p class=\"read-more\"><a class=\"btn btn-default\" href=\"https:\/\/vpd-mettmann.de\/\">Weiterlesen<span class=\"screen-reader-text\"> Weiterlesen<\/span><\/a><\/p>\n","protected":false},"author":1,"featured_media":0,"parent":0,"menu_order":0,"comment_status":"closed","ping_status":"closed","template":"","meta":{"footnotes":""},"class_list":["post-2","page","type-page","status-publish","hentry"],"_links":{"self":[{"href":"https:\/\/vpd-mettmann.de\/index.php?rest_route=\/wp\/v2\/pages\/2","targetHints":{"allow":["GET"]}}],"collection":[{"href":"https:\/\/vpd-mettmann.de\/index.php?rest_route=\/wp\/v2\/pages"}],"about":[{"href":"https:\/\/vpd-mettmann.de\/index.php?rest_route=\/wp\/v2\/types\/page"}],"author":[{"embeddable":true,"href":"https:\/\/vpd-mettmann.de\/index.php?rest_route=\/wp\/v2\/users\/1"}],"replies":[{"embeddable":true,"href":"https:\/\/vpd-mettmann.de\/index.php?rest_route=%2Fwp%2Fv2%2Fcomments&post=2"}],"version-history":[{"count":180,"href":"https:\/\/vpd-mettmann.de\/index.php?rest_route=\/wp\/v2\/pages\/2\/revisions"}],"predecessor-version":[{"id":3967,"href":"https:\/\/vpd-mettmann.de\/index.php?rest_route=\/wp\/v2\/pages\/2\/revisions\/3967"}],"wp:attachment":[{"href":"https:\/\/vpd-mettmann.de\/index.php?rest_route=%2Fwp%2Fv2%2Fmedia&parent=2"}],"curies":[{"name":"wp","href":"https:\/\/api.w.org\/{rel}","templated":true}]}}